56. What is the greatest common factor of 160 and g?
20
Let t be -8*(-33)/24 + 577. Calculate the greatest common divisor of t and 1323.
147
Let m(k) = 44*k + 245. Let f be m(-5). Calculate the greatest common divisor of 200 and f.
25
Let x = 1627 + -1606. What is the greatest common divisor of 24 and x?
3
Suppose l - 31*h + 29*h - 234 = 0, 3*l - 2*h = 674. Suppose 0 = -4*n + 20 + 60. What is the greatest common factor of l and n?
20
Let t(i) = 2*i - 7. Let f be t(6). Suppose f*x - 143 + 42 = -4*p, -20 = -4*x. Suppose 0 = -h + 57 - p. Calculate the highest common divisor of h and 57.
19
Suppose -15996 = -27*o - 5601. What is the highest common divisor of o and 7?
7
Let g = -25 + 56. Let m = 76 + 17. What is the highest common factor of g and m?
31
Suppose 3*y - 5*i + 4 = 9, -3*y + 7 = -4*i. Calculate the greatest common factor of 205 and y.
5
Suppose 0 = 2*p - 5*a - 75, 153 = 3*p + 5*a + 28. Calculate the highest common factor of 80 and p.
40
Let s = 22 + 1. Let o(a) = -43*a - 8. Let l be o(-5). What is the greatest common divisor of l and s?
23
Let s = -7 + 10. Let f be s - (-2 - (-3 + 6)). Let n be 4/f + 29/2. Calculate the greatest common divisor of n and 105.
15
Let c(l) = 12*l. Let p be c(1). Let o = p - 8. Let w be (-8)/(-6)*30/o. What is the highest common divisor of 4 and w?
2
Let u(f) = f**3 - 3*f**2 + f + 1. Suppose 5*y + 3 = 6*y. Let c be u(y). Suppose c*k = -19 + 79. Calculate the highest common factor of k and 10.
5
Let y = -190 + 197. Suppose 4*p = 7*p - 54. Let j be (-4)/p + (-325)/(-45). What is the greatest common factor of y and j?
7
Suppose 0 = -2*d - 6, 2*f = -f + d + 45. What is the highest common divisor of 567 and f?
7
Suppose 0 = -f - 5 + 11. Let z(d) = 6*d**2 - f - 4*d**2 + d - 4*d. Let a be z(4). What is the greatest common divisor of 2 and a?
2
Let b = -7 - -21. Let u = -22 - b. Let d = -18 - u. Calculate the highest common factor of d and 198.
18
Let n(s) be the second derivative of s**3/6 + 11*s**2 - 14*s. Let l be n(-7). Suppose 5*a - 7 = 43. Calculate the greatest common divisor of l and a.
5
Let k(m) = 2*m**2 - 40*m + 106. Let f be k(23). Calculate the highest common factor of 4 and f.
4
Let d(f) = -3*f**2 - 5*f - 8. Let c be d(-4). Let p = -18 - c. Calculate the highest common factor of 9 and p.
9
Let m be (-22)/6 + (-2)/6. Let l(z) = -z**2 - 4*z + 4. Let f be l(m). Suppose 22 = 2*g + f. Calculate the greatest common divisor of 18 and g.
9
Let a(g) be the second derivative of g**4/12 - g**3/2 - 3*g**2 - 8*g. Let k be a(6). Calculate the greatest common factor of k and 108.
12
Suppose 2 = -2*t - 2. Let p be -3 - (2 + -46)/t. Let g = p - -34. What is the greatest common divisor of 27 and g?
9
Suppose 0 = 4*o - 30 - 138. Let t = -14 + o. Let i be 1/(-2) - (-182)/t. Calculate the highest common factor of i and 42.
6
Let s be 14/(-1*(-8)/104). Calculate the greatest common factor of 42 and s.
14
Let a be (12/(-10))/(1/(-5)). Suppose -3*c - 4 = -5*c. Suppose 10 = c*q + 2*b - 4*b, -3*q = 2*b - 20. What is the greatest common divisor of a and q?
6
Let l = -43 - -123. Let w = 217 - 185. Calculate the highest common factor of w and l.
16
Suppose -5*i = -6 + 16, 0 = 5*j + 4*i - 37. What is the highest common factor of j and 657?
9
Suppose 0 = -0*r + 2*r - 5*d - 236, -2*d = 8. Calculate the greatest common factor of 162 and r.
54
Let y(b) = -b**2 + b + 3. Let s be y(0). Suppose 69 + 12 = s*r. Let k = 89 + -86. What is the highest common divisor of r and k?
3
Let r(m) = -m + 26. Let b be r(-4). What is the greatest common divisor of 15 and b?
15
Suppose 8*q - 202 = -34. Let b be (-4)/14 - (-783)/q. What is the greatest common divisor of b and 74?
37
Let x = 450 - 318. Calculate the highest common factor of 24 and x.
12
Let b be 669/3 - -10*2/4. What is the greatest common factor of 760 and b?
76
Let x(n) = n**2 + 9*n - 91. Let d be x(9). What is the highest common factor of 71 and d?
71
Let t(u) = -u**3 + 7*u**2 - 4*u - 6. Let c be t(5). Let s(z) = 6 + 12 + 10*z**2 - 11*z**2 - 3*z. Let w be s(-5). What is the highest common factor of c and w?
8
Suppose -2*s = m - 543, -55*s - 2*m = -60*s + 1371. What is the greatest common factor of s and 156?
39
Suppose 0*r - 17*r = -17. Suppose v + 15 = -0*c + 4*c, 0 = 4*v + 2*c - 12. Calculate the highest common divisor of r and v.
1
Let k be ((-84)/(-8) - -3)*-6. Let x = k + 108. Suppose 4*y - 859 = 6*o - 5*o, y - 191 = 5*o. What is the highest common divisor of x and y?
27
Suppose 5*k = -4 + 54. Let v(n) = -6*n**3 - 44*n**2 - 24*n - 68. Let i be v(-7). What is the highest common factor of i and k?
2
Suppose 7*p + p - 16 = 0. Suppose -2*h + p*r - r + 162 = 0, 76 = h + 2*r. What is the greatest common factor of 10 and h?
10
Let r = 36 - 15. Suppose -z - v + 11 = -3, 4*z - 56 = -3*v. Calculate the highest common factor of z and r.
7
Suppose -3*p + 11 = 4*y + 31, -3*p = -y + 10. Let o(t) = -7*t**3 + t + 2. Let a be o(y). Let d = -6 + 14. What is the highest common factor of d and a?
8
Let n(f) = -2*f - 6. Let h be n(3). Let b = 16 + h. Suppose l - 10 = b. What is the greatest common factor of l and 28?
14
Let f be (-26)/(-12) + 28/(-168). Calculate the highest common factor of 206 and f.
2
Suppose -p + 1856 = 4*d, -2*p - 1856 = -3*p + 2*d. Calculate the greatest common divisor of p and 64.
64
Let q be ((-4)/(-10))/((-45)/225) + 245. Calculate the highest common factor of q and 324.
81
Let r be (12 + -11)/((-1)/121). Suppose 3*a - 4*y = -y - 564, -3*a + y = 556. Let q = r - a. Calculate the highest common factor of 9 and q.
9
Let f = 54 - 49. Let q be 1 + -1 + -2 - -76. Let z = q - 39. What is the greatest common factor of f and z?
5
Suppose -6 + 1 = -i, 3*d - 139 = 4*i. Let k = d + -27. What is the greatest common factor of k and 26?
26
Let q(x) = -x + 19. Let w be q(14). Suppose -w*r + 29 = -91. Calculate the highest common factor of r and 120.
24
Let q be (6*5 - 2) + 3. Let m be (1 - -1)*(-279)/(-18). What is the highest common divisor of m and q?
31
Let a be 107 - (-3 - -6 - 6). What is the highest common divisor of 88 and a?
22
Suppose -396 = -11*i + 15*i. Let s = i - -135. What is the highest common factor of 24 and s?
12
Let n be 1/((1/1)/32). Let x be (3 + (-82)/6)/(3 - (-22)/(-6)). What is the highest common factor of n and x?
16
Let a be 10/2 + 0 + (48 - 15). Calculate the greatest common factor of 209 and a.
19
Suppose 12*o - 13*o = -10. Suppose 4*m + 6 = -o, 2*k + 3*m - 90 = 0. What is the highest common factor of k and 17?
17
Let j be 8/(-6) - 2/(-6) - -3. Suppose -6*p = j*p - 360. What is the greatest common divisor of 10 and p?
5
Suppose 0 = -4*u + 4*a + 92, -2*u + 3*a = -24 - 18. Suppose -u + 9 = -y. What is the greatest common factor of 72 and y?
18
Let o be (-150)/175*364/(-8). Calculate the highest common divisor of 611 and o.
13
Suppose 0 = -3*t + 8 + 7. Suppose 14*q - 21*q = -280. Calculate the greatest common divisor of q and t.
5
Let c be 3 + 2/(-2 - 0). Suppose 16 = 4*n, -v = 3*n - 0*n - 21. Suppose v*y - 6 = 8*y. Calculate the greatest common divisor of c and y.
2
Let a = 27 + -16. Let f(o) = -8*o - 1. Let x be (-33)/5 + 6/(-15). Let u be f(x). What is the highest common factor of a and u?
11
Let n = 454 - -320. Calculate the highest common divisor of n and 54.
18
Suppose -z = 4*z. Suppose z = -4*k - 2*v + 38, 0 = -k - 4*v - 8. Let x be -18*(3 - 51/9). Calculate the greatest common divisor of k and x.
12
Let h(o) be the third derivative of o**5/15 - o**4/24 - 2*o**3 + 15*o**2. Let b be h(6). What is the greatest common factor of 18 and b?
18
Let i = -249 - -259. Let k be (9/6 - 1) + (-3)/(-2). Calculate the greatest common divisor of k and i.
2
Let n(w) be the second derivative of -w**3/6 + 21*w**2/2 - 15*w. Let c be n(6). Calculate the greatest common divisor of c and 120.
15
Let o(m) = -m**2 - 7*m + 1. Let c be o(-6). Let y be (8/2 - 2) + c. Let q be ((-3)/9)/(2/(-108)). What is the highest common factor of y and q?
9
Let a(u) = u**3 - 9*u**2 + 12. Suppose -4 = -l - 5*q, 5*l + 1 - 47 = q. Let c be a(l). Calculate the greatest common factor of c and 18.
6
Let k = 17 - 9. Suppose -k*h = -11*h + 192. Calculate the greatest common factor of 8 and h.
8
Let g = 225 - 111. Suppose 2*d - 8*x = -6*x + 66, 5*d - 215 = -5*x. Calculate the greatest common factor of d and